composite?
True
Is 1129003 prime?
False
Is 102761 a composite number?
False
Is 18017 a prime number?
False
Is 58066 a prime number?
False
Is 65791 prime?
False
Is 186083 prime?
False
Is 15058 a composite number?
True
Is 38431 a composite number?
False
Is 54937 composite?
True
Is 679033 composite?
False
Is 3873 a composite number?
True
Is 33679 a composite number?
False
Is 528659 composite?
False
Is 10039 a prime number?
True
Is 51253 a prime number?
False
Is 1022573 composite?
False
Is 792541 a composite number?
True
Is 3534863 a composite number?
False
Is 1125835 a composite number?
True
Is 31361 a composite number?
True
Is 149561 a prime number?
True
Is 13327 composite?
False
Is 22299 a prime number?
False
Is 4479 a prime number?
False
Is 2437 a composite number?
False
Is 117239 a prime number?
True
Is 72421 prime?
True
Is 1657889 a composite number?
False
Is 1781215 prime?
False
Is 328411 a prime number?
True
Is 44729 prime?
True
Is 43093 a composite number?
False
Is 155609 a prime number?
True
Is 402581 prime?
True
Is 686962 composite?
True
Is 1079081 a composite number?
False
Is 856915 a prime number?
False
Is 68023 a prime number?
True
Is 18527 composite?
True
Is 169049 a composite number?
False
Is 29243 a prime number?
True
Is 90499 a prime number?
True
Is 4111 composite?
False
Is 31817 a prime number?
True
Is 2169817 prime?
False
Is 56743 composite?
True
Is 116411 a composite number?
False
Is 4721 prime?
True
Is 902849 a composite number?
False
Is 23399 a composite number?
False
Is 330797 a composite number?
True
Is 8353 prime?
True
Is 12669307 a prime number?
False
Is 3983 prime?
False
Is 2999 a composite number?
False
Is 301099 composite?
True
Is 755453 a prime number?
False
Is 36213 a composite number?
True
Is 586529 prime?
False
Is 108503 composite?
False
Is 21155 composite?
True
Is 15819 composite?
True
Is 4203791 composite?
False
Is 10661 a prime number?
False
Is 346946 composite?
True
Is 35827 prime?
False
Is 506986 composite?
True
Is 10691 prime?
True
Is 820537 composite?
False
Is 2583223 a composite number?
False
Is 36101 a composite number?
True
Is 16649 a composite number?
False
Is 132982 prime?
False
Is 203793 composite?
True
Is 6623 prime?
False
Is 8843 prime?
False
Is 101627 a composite number?
False
Is 233021 a composite number?
False
Is 238141 prime?
True
Is 358 prime?
False
Is 1035649 prime?
True
Is 13549 composite?
True
Is 8889 composite?
True
Is 238547 a composite number?
False
Is 70427 prime?
False
Is 10079 prime?
True
Is 43853 a composite number?
False
Is 154027 a prime number?
True
Is 5519 composite?
False
Is 5737 prime?
True
Is 8605 a prime number?
False
Is 4942957 a prime number?
True
Is 32297 prime?
True
Is 25778 a composite number?
True
Is 54857 composite?
True
Is 184749 prime?
False
Is 71647 composite?
False
Is 15547 a composite number?
True
Is 95867 prime?
False
Is 2705 a composite number?
True
Is 109073 composite?
False
Is 449 a composite number?
False
Is 252053 a composite number?
True
Is 2749 prime?
True
Is 17011 a prime number?
True
Is 288383 a composite number?
False
Is 76579 composite?
False
Is 5699215 prime?
False
Is 177589 prime?
True
Is 42281 a prime number?
True
Is 1796819 prime?
True
Is 282921 composite?
True
Is 35 prime?
False
Is 3722 composite?
True
Is 3155071 prime?
False
Is 437179 a composite number?
True
Is 346319 prime?
False
Is 278903 a composite number?
False
Is 25061 prime?
False
Is 138365 composite?
True
Is 1567469 prime?
True
Is 127987 a prime number?
False
Is 15947 a composite number?
True
Is 213833 a prime number?
True
Is 8653 a composite number?
True
Is 1187 composite?
False
Is 196097 prime?
False
Is 1829 composite?
True
Is 14849 composite?
True
Is 19907 composite?
True
Is 262033 prime?
False
Is 20089 prime?
True
Is 119593 prime?
False
Is 4044263 a composite number?
False
Is 563477 composite?
True
Is 396833 composite?
False
Is 263383 a prime number?
True
Is 6163 a composite number?
False
Is 61001 composite?
False
Is 1049 composite?
False
Is 434683 composite?
False
Is 71293 a composite number?
False
Is 415901 a prime number?
True
Is 65827 a composite number?
False
Is 55271 a prime number?
False
Is 14809 composite?
True
Is 26377 a composite number?
True
Is 13367 a prime number?
True
Is 159521 a composite number?
False
Is 16603 a prime number?
True
Is 77839 composite?
False
Is 32723 a composite number?
True
Is 19661 composite?
False
Is 10039 a composite number?
False
Is 106519 a composite number?
True
Is 13441 prime?
True
Is 7445 a prime number?
False
Is 2754046 prime?
False
Is 1432021 composite?
False
Is 98491 a composite number?
False
Is 6071 a composite number?
True
Is 2245 a composite number?
True
Is 551 a prime number?
False
Is 4553 prime?
False
Is 34733 prime?
False
Is 5981 prime?
True
Is 1465 a prime number?
False
Is 118487 prime?
False
Is 421907 prime?
True
Is 43603 composite?
True
Is 798373 composite?
False
Is 7097 prime?
False
Is 89627 a composite number?
False
Is 71447 prime?
False
Is 652467 prime?
False
Is 102859 composite?
False
Is 2876297 a prime number?
True
Is 33721 prime?
True
Is 38113 a prime number?
True
Is 305 prime?
False
Is 744179 composite?
False
Is 1288681 prime?
False
Is 406169 a prime number?
True
Is 169111 prime?
True
Is 92271 prime?
False
Is 201 composite?
True
Is 208469 a composite number?
False
Is 2767 a composite number?
False
Is 212171 a composite number?
True
Is 1048029 prime?
False
Is 251159 a prime number?
True
Is 2705 composite?
True
Is 550439 a composite number?
False
Is 119 prime?
False
Is 216259 a prime number?
True
Is 8633 composite?
True
Is 1760003 prime?
False
Is 1021403 prime?
True
Is 278929 a composite number?
True
Is 16871 a composite number?
False
Is 43573 composite?
False
Is 142939 a prime number?
True
Is 2193023 a prime number?
False
Is 237199 composite?
True
Is 13154 a composite number?
True
Is 404413 prime?
False
Is 3203 a prime number?
True
Is 17581 a prime number?
True
Is 94739 prime?
False
Is 693943 composite?
False
Is 6371 a prime number?
False
Is 3097 a prime number?
False
Is 53309 prime?
True
Is 894239 composite?
False
Is 65899 composite?
False
Is 58787 a composite number?
False
Is 408541 composite?
True
Is 25429 a composite number?
True
Is 1621 a composite number?
False
Is 698681 prime?
False
Is 162883 a prime number?
False
Is 1651 composite?
True
Is 11027 a composite number?
False
Is 11437 composite?
False
Is 101267 composite?
False
Is 8749 composite?
True
Is 316681 composite?
False
Is 1585691 prime?
False
Is 974759 a composite number?
True
Is 14369 a prime number?
True
Is 1481309 a composite number?
False
Is 1039651 a prime number?
True
Is 4533 composite?
True
Is 235897 prime?
False
Is 20803 a composite number?
True
Is 253987 a composite number?
False
Is 4493 prime?
True
Is 5053 a composite number?
True
Is 649351 prime?
False
Is 485311 a prime number?
True
Is 399023 composite?
False
Is 66491 a prime number?
True
Is 6539 prime?
False
Is 192571 composite?
False
Is 40409 composite?
True
Is 358103 prime?
True
Is 887 prime?
True
Is 746459 a prime number?
False
Is 1365011 prime?
True
Is 77237 prime?
True
Is 350003 composite?
False
Is 18949 a prime number?
False
Is 208721 a prime number?
True
Is 37951 composite?
False
Is 4547 a prime number?
True
Is 3293 a composite number?
True
Is 68806 a composite number?
True
Is 149287 a composite number?
False
Is 105153 composite?
True
Is 101221 a composite number?
False
Is 29195 composite?
True
Is 910301 composite?
True
Is 1441 composite?
True
Is 145583 a prime number?
False
Is 31969 a composite number?
True
Is 253 a prime number?
False
Is 79 prime?
True
Is 32003 prime?
True
Is 166759 composite?
True
Is 392335 a composite number?
True
Is 58209 a prime number?
False
Is 285301 a composite number?
False
Is 2049361 composite?
False
Is 5779 composite?
False
Is 36263 a composite number?
False
Is 10027 a composite number?
True
Is 13669 composite?
False
Is 267517 composite?
False
Is 26485 prime?
False
Is 311173 a prime number?
True
Is 467773 a prime number?
True
Is 20053 a composite number?
True
Is 989203 a composite number?
True
Is 9089371 a composite number?
False
Is 265399 a composite number?
False
Is 40141 prime?
False
Is 3907 prime?
True
Is 13561 prime?
False
Is 1794343 composite?
False
Is 5513 